
True
Let g = 47 + 257. Let c = 1095 + g. Is c a prime number?
True
Let g(h) be the third derivative of -h**4/24 + 3*h**3/2 - 22*h**2. Let f be g(9). Suppose f = 11*v - 5*v - 4686. Is v a composite number?
True
Let k = 158645 + 147840. Is k composite?
True
Let l be (7/(-9) - -1) + 2480/18. Let p = 247 - l. Is p a prime number?
True
Suppose 3*j - 6*o = -4*o + 8, 8 = 2*j - 2*o. Is j + 659 + -95 + 95 a prime number?
True
Let p = -166 + 164. Is -5*p/(-8) + (-27495)/(-60) prime?
True
Let i(p) = 388*p**2 + 29*p - 32. Let u be i(-21). Suppose 6*d + 5*d - u = 0. Is d a composite number?
False
Let m(r) be the first derivative of 189 - 27*r**2 - 3*r**2 + 29*r - 175. Is m(-14) composite?
True
Let z = 364710 - 256309. Is z a prime number?
True
Suppose d = -3*y + 900, 4*y + 0*y + 1780 = 2*d. Let f be 2*(1 + (-4)/(-8)). Suppose 4*j - 1192 = -4*c, 4*j + d = f*c + 2*j. Is c a prime number?
False
Let o be 2/(-11) + (-38)/44*-50. Suppose -o = -h + 27. Let p = 7 + h. Is p a composite number?
True
Let q(j) be the first derivative of 46*j**3/3 + 5*j**2/2 - 13*j - 73. Is q(-4) a composite number?
True
Let b = -216 - -212. Is (2653 - -1) + 2 + b/2 a composite number?
True
Suppose -135 = 3*m - 114, -4*c - m + 4139005 = 0. Is c a composite number?
True
Suppose 4*m + 4 - 20 = 0. Let n be (4 - -543 - m) + -3. Suppose -2*y + 2*w = -6*y + 434, -5*y = 2*w - n. Is y composite?
True
Let f(k) be the third derivative of 20*k**6/3 - k**5/30 - k**4/6 + 5*k**3/6 + 143*k**2. Is f(2) composite?
False
Suppose 35*f - 36*f - 656668 = -4*k, 3*k + f = 492501. Is k a composite number?
True
Let l(q) = q**3 + 119*q**2 + 124*q - 139. Is l(-115) a composite number?
False
Is -1*958515/((-150)/10) a prime number?
True
Suppose -6*b - 5*k + 1 = -7*b, -k = 2*b + 2. Is 6*b*(-1258)/68 composite?
True
Let d = 1547448 + -376027. Is d composite?
False
Let a be (-17)/(-17) - (0 - (1 - 36354)). Let l = -25953 - a. Suppose 0 = -6*k - 1945 + l. Is k prime?
True
Let t(m) = 288*m + 177. Let f be -14 + (-150)/(-5) - 1*3. Is t(f) composite?
True
Is (44/(-33) - -1)/((-2)/818658*3) a composite number?
False
Let g = 217165 - 122874. Is g a prime number?
True
Let y = -24 + 29. Suppose 2*s - y = w, 4*s - w - 13 = -0*s. Suppose 3*d - 786 = -3*r, -s*d - 2*r + 758 = -284. Is d a prime number?
False
Suppose 1034938 = 20*n + 113998. Is n a prime number?
False
Suppose 3*q = -3*x + 4*q + 22, -3*x = 4*q - 47. Suppose -x*p + 3 = 12. Is (p/(4/(-586)))/((-35)/(-350)) prime?
False
Let t = 22236 + 15887. Suppose 0 = 23*i - t - 53624. Is i a prime number?
True
Let o(d) = 885*d - 413. Let b(j) = 2*j - 1. Let c(i) = 354*b(i) - o(i). Is c(-6) a composite number?
True
Let a(c) be the second derivative of c**5/20 + 9*c**4/4 + 4*c**3 + c**2/2 + 53*c. Is a(-20) prime?
False
Suppose -4*a + 10556 = -2*a. Suppose -2*n + 0*w = 5*w - 2115, -3*w + a = 5*n. Is n composite?
True
Let h = -1554 - -559. Let d = h - -1664. Suppose -3*y + d = -3*f, -1113 = 3*y - 8*y + 4*f. Is y a composite number?
True
Suppose 0 = 3*v - 5*b - 326207, v = -3*b + 64921 + 43824. Is v prime?
True
Is (-6106758)/(-378)*(-9)/(-2)*2 composite?
False
Suppose 0 = 45*j - 12 + 12. Suppose j = -6*r + 150971 - 41489. Is r prime?
False
Let w(t) = 88*t + 173. Let o be w(29). Suppose 4*d + 3*c = o, -2*c = d - 83 - 602. Is d prime?
False
Let h(t) = 328*t**2 - 19*t - 44. Suppose -w - 3*w + 2*d = 8, 2*w + 8 = -d. Is h(w) prime?
False
Let q(a) = 549*a + 105. Let c be q(17). Suppose 21975 = 37*z - c. Is z composite?
True
Let r be (4/(-12) - -1)*(-90)/(-5). Suppose 21436 = r*s - 1376. Is s a prime number?
True
Suppose -23030 = 8*b - 10*b + 2*u, 0 = -2*u - 4. Suppose -12*m - 4*p = -9*m - b, 7677 = 2*m + 3*p. Is m prime?
False
Let g(r) be the second derivative of 13*r**4/12 + 7*r**3/3 + 35*r**2/2 + 2*r - 67. Is g(-6) a composite number?
False
Let z be 19/3 + (-2)/(-3). Suppose 4*t - p - 4682 = 0, -2*t - 5*p + z*p + 2338 = 0. Is t a composite number?
False
Let y be 0/(-1) - (-138057 - 6/(-2)). Let b = -81619 + y. Is b a composite number?
True
Let w(c) = 6*c - 42. Let q be w(12). Suppose 8*r - 2*r - q = 0. Is (r + 53)/((-3)/(354/(-4))) composite?
True
Suppose 0 = 5*i - 5*g - 249295, 3*g - 99688 = 133*i - 135*i. Is i composite?
False
Let x = 40404 + -23323. Suppose 2*d - 17090 = -4*v, x = 4*v + 9*d - 10*d. Is v composite?
False
Let n(k) = -k**2 - 46*k - 57. Let a be n(-14). Let t = a + 1830. Is t prime?
True
Let h = -31925 - -61002. Is h a prime number?
True
Let y be 1 + 0 - -817 - (11 - 13). Let d(z) = -109*z**3 + z**2 + 2*z + 1. Let l be d(-2). Let i = l + y. Is i prime?
True
Suppose -18*j + 16*j + 408358 = 4*s, -5*j + s + 1020840 = 0. Is j prime?
False
Let g(y) = y**3 - 7*y**2 + 7*y - 20. Let r be g(7). Suppose r*x - 39*x + 7690 = 0. Is x composite?
False
Suppose -77892736 = -6*b - 131*b + 100356457. Is b a prime number?
False
Let g = 474039 + -131062. Is g a composite number?
True
Suppose -3*d - 496 = 5*q, q = 2*d + 2*d - 113. Let f = q - -152. Suppose f*g = 57*g - 25206. Is g composite?
False
Suppose -7 = -5*q + 3*p, 0 = 3*q - 6*q - p + 7. Is (-2)/(q/(-743)) + 0 prime?
True
Suppose 26*w + 74855 = 31*w. Is w a composite number?
True
Let y = -50 - -48. Let c be -9 + 14 - 1/y*0. Suppose t - 5*w - 1810 = 0, -c*w + w = 12. Is t composite?
True
Let s be 2/(-8)*(0 - 1)*8. Suppose 6*h - s*h = -28. Is (-6982)/(-14) - 2/h composite?
False
Let t(r) = 1772*r - 55. Let n be t(-2). Is n/(-2) - (-150)/100 a composite number?
False
Let z(m) = 657*m**2 - 362*m - 5. Is z(-6) composite?
False
Let z(f) = 8*f + 20. Let o be z(-2). Suppose 3420 = l + 2*k - 1236, o*k = -3*l + 13978. Is l a prime number?
False
Let y(w) = -5*w**2 - 34*w. Let m(i) = -11*i**2 - 66*i + 1. Let l(t) = 3*m(t) - 7*y(t). Is l(29) a composite number?
True
Let x(f) = f**2 + 6*f + 1. Let k(q) = -2*q**2 + 4*q. Let s be k(3). Let h be x(s). Is h/((-2)/(-202))*7 a prime number?
False
Is (121 - 119)/(3/((-4728774)/(-4))) a composite number?
False
Let n be (-6 - -6) + (-6)/(-3). Suppose -3*k - n*a = -1739, -3*k - 2*k - a + 2910 = 0. Is k composite?
True
Suppose -5*n + 2*t = -22032, 0 = 2*n - 31*t + 34*t - 8809. Is n a composite number?
True
Let g be 9519/(4/32*8). Let y = g - 5278. Is y prime?
True
Let u(g) = 1190*g**2 + 59*g - 199. Is u(4) prime?
False
Is -2*269*6/42*12579/(-6) composite?
True
Suppose -171777 = 638*g - 641*g. Is g composite?
False
Let q(f) = -f**2 - 12*f - 9. Let z be ((-2)/6)/(200/66 - 3). Let k be q(z). Suppose 11*c + k*c = 15847. Is c a prime number?
False
Let r be (10*2)/(6/(-24)). Suppose -9*a = 9*a - 13662. Let o = a + r. Is o composite?
True
Suppose 3*k - 764818 = -2*b - 0*b, 0 = -3*b + k + 1147205. Is b prime?
False
Let w(h) = -14*h + 26. Let q(s) = -2*s**2 - 4*s - 5. Let b be q(-2). Let g be w(b). Suppose -5*u + 471 = -0*u + j, u + 2*j - g = 0. Is u a prime number?
False
Suppose 0 = -4*j - 3*z + 143, -7*j + 36 = -6*j + z. Is 16/(-20) - (-3 - 46088/j) prime?
True
Let a(g) = g**2 + 6*g - 55. Let r be a(-12). Suppose -r*z + 62802 = 37*z. Is z a composite number?
False
Let g be 440958/(-49) - (-24)/(-28). Let w = 18277 + g. Is w composite?
False
Let d(b) = -691*b - 5323. Is d(-132) composite?
False
Let r(d) = 13*d + 66. Let z be r(-5). Let f(v) = 1888*v**3 - v**2 + 3*v - 1. Is f(z) a composite number?
False
Suppose 27*c + 29*c = 74*c - 4774230. Is c composite?
True
Let f(t) = 3*t - 3035. Let u be f(0). Let z = u + 7428. Is z a prime number?
False
Let f be ((-1908)/(-27))/((-4)/(-6)). Let x be -1 - -2*f/4. Let l = x + 811. Is l a prime number?
True
Suppose 122*v = -4*i + 121*v + 3506341, 2*v = -4*i + 3506334. Is i a composite number?
True
Let c(j) = 621*j - 18 - 3 - 626*j + 167*j**2. Is c(8) prime?
True
Let z = 2343601 + -1381262. Is z prime?
False
Suppose -14*m - 26 = -27*m. Is (1 + 518145/45)/(m/3) a composite number?
True
Let u(j) = -8*j**2 + 55*j + 11. Let n be u(7). Is (11053/n)/((-1)/(-4)) prime?
False
Let k = -4115 - -5072. Suppose 3151 + 4399 = 5*g. Let z = g - k. Is z composite?
True
Let l be (-2)/7 - ((-360)/(-21))/(-4). Suppose -l = 9*j + 23. Is (0 - (-1522)/j)*(-12)/8 prime?
True
Suppose -2*g - 37998 + 186458 = 0. Suppose -2*l + 59402 = 4*v - 4*l, -2*l = 5*v - g. Let s = v + -7127. Is s a composite number?
True
Let y be (0 + -1)/(1*3/(-48)). Is (-2 - y/(-6)) + 140380/12 prime?
True
Suppose -2*a + 33*b = 3